4*t - 4*m + 22, 5*t - f*m = -5. What is g(t)?
-3
Suppose 4*r - 23 = -7. Let n = r + -3. Let t(j) = -n + 7 + j - 4*j. Give t(4).
-6
Suppose -2*t = -f + 2, 3*f + f - 12 = 4*t. Let r = 3 - 1. Let x(p) = 0 - 3*p - 4 + 4 + p**r. Give x(f).
4
Let k(q) = -q. Let y(d) = d + 13. Let b be y(-7). What is k(b)?
-6
Let n(k) = -16*k**2 - 5*k + 8. Let p(a) = 11*a**2 + 3*a - 5. Let w(r) = 5*n(r) + 8*p(r). Let z(j) = -16*j**2 + 2*j. Let m(h) = 7*w(h) + 3*z(h). What is m(1)?
7
Let i(h) = -h - 3. Let n(k) = -3*k - 7. Let u(x) = 5*i(x) - 2*n(x). Let l = -2 - 0. Let a = 0 - l. Give u(a).
1
Let i(d) be the third derivative of d**5/60 - 5*d**4/24 - 2*d**2. Let z = 7 + -15. Let p be 20/z*(-8)/5. What is i(p)?
-4
Let n(h) = 1. Let f(k) = -k - 8. Let u(i) = f(i) + 2*n(i). What is u(5)?
-11
Let j be (12/10)/((-60)/(-450)). Let d(p) = p**3 - 9*p**2 + p - 10. Calculate d(j).
-1
Let h(z) be the first derivative of -z**3/3 - 2*z**2 + z + 2. Determine h(-3).
4
Let n be (15/25)/((-1)/(-5)). Suppose z = n*z. Let w(o) = -2*o + 5. Let j(s) = -3*s + 4. Let t(d) = -3*j(d) + 4*w(d). Calculate t(z).
8
Let c(u) = -1 + 3*u**2 + 2 + 17*u - 16*u. What is c(-1)?
3
Let g(y) = -y**3 + 3*y**2 + 2*y. Suppose -6*h + 4*h = 4*v - 14, -v = -3*h + 7. What is g(h)?
6
Let w(u) = -9*u**3 + u**2 - 8. Let i(j) = 3*j**3 - 4*j**3 + 3*j**2 - 4 - 4*j**3 - 2*j**2. Let q(x) = -11*i(x) + 6*w(x). Determine q(5).
-4
Let q = 1 - 4. Let h = 3 + q. Let w(g) = 7*g + 15. Let x(s) = -4*s - 8. Let u(z) = -3*w(z) - 5*x(z). Give u(h).
-5
Suppose h - 5 - 9 = -2*r, h + r = 10. Let y be (9/(-3))/(h/(-4)). Suppose 2*q + y*q + 20 = 0. Let l(d) = d**2 + 2*d - 4. Determine l(q).
11
Let o = 28 + -35. Let j(h) = -h**3 - 8*h**2 - 9*h - 1. Calculate j(o).
13
Let h(c) = -c - 4. Suppose -28 = -4*m - 4. Let p be m/(2/((-3)/(-3))). Calculate h(p).
-7
Let n(i) = 2*i - 1 - i - 2*i + 13*i. Give n(1).
11
Let n(h) = h**3 - 4*h**2 + 3*h - 2. Let q(a) = -a. Let t be q(-7). Suppose t*p = 3*p + 8. Suppose 0 = p*b + b - 9. What is n(b)?
-2
Let u(w) = -5*w + 6*w + w - 2 + 0*w. Let f(k) = 2*k - 3. Let d(h) = -5*f(h) + 6*u(h). Give d(-5).
-7
Let y(u) = -u**3 - 6*u**2 - 7*u - 2. Let g be y(-5). Let t be (-2)/5 + g/(-5). Let o(m) = -2*m + 4*m + m + 2. Calculate o(t).
-4
Let v be (-6)/4*(-8)/3. Let o(c) = -v*c**2 + 3 + 3*c - 7*c + 5*c**2. Calculate o(3).
0
Let g(o) = o**3 + 3*o**2 + 2*o + 2. Suppose 5*v - 32 = 9*v. Let m = 6 + v. What is g(m)?
2
Let j(x) = -11*x - 3 + 2 + 2. Calculate j(1).
-10
Let v = -15 - -12. Let r(x) be the second derivative of -x**4/12 - 5*x**3/6 + 3*x. Determine r(v).
6
Let p = -1 + -5. Let m = p + 11. Suppose m*o = -3*x + 8, -4*x + 5*o = -x + 2. Let b(n) = 3*n - 1. Give b(x).
2
Let p(q) = -2*q**2 + 4*q - 3. Let r(w) = w + 6. Let n be r(-3). What is p(n)?
-9
Let r(f) = -f**3 + 5*f**2 - f + 5. Suppose -3*t - 22 = -2*w - 0, 5*t = w - 25. Determine r(w).
0
Let p(f) = -f**2 + 1. Suppose 0 = -0*a - 4*a + 4. Let o be 1 - ((-1)/1 - a). Suppose -o = -5*x + 7. Determine p(x).
-3
Let v(q) = 5*q + 3. Let b(o) = 9*o + 6. Let i(c) = 6*b(c) - 11*v(c). Calculate i(3).
0
Suppose -5*x + y - 199 = 0, -5*x - 4*y - 38 = 141. Suppose -g + 6*g = 300. Let j be 6/x + g/52. Let f(p) = -p - 1. What is f(j)?
-2
Let l(p) be the second derivative of p**3/6 - 4*p**2 + 12*p. What is l(8)?
0
Let f(r) be the second derivative of -r**5/20 + r**4/4 + 5*r**3/6 - 3*r**2/2 + 5*r. What is f(3)?
12
Let h = -13 + 17. Let w(k) = 4*k + 1 - k**2 + 2*k**2 - h*k. Determine w(-1).
2
Let c = 7 - 5. Let r(p) = p + 10. Let h be r(-7). Let v(l) = -2*l**3 + 5*l**c + l**3 - h*l - 9 + 5. Give v(3).
5
Let v(u) = -u**3 + 3*u**2 + 6*u - 3. Let p = -25 - -29. Give v(p).
5
Suppose -2*t + 31 = 33. Let h(d) = -20*d**2 - d. Give h(t).
-19
Let q be (-60)/(-25) - 2/5. Let a(c) = -10 + 13 - 2*c + 4*c**2 - 5*c**q. Calculate a(2).
-5
Let p(d) = d**3 + 0*d**2 + 5*d - 2*d**3 - 3*d**2. Let i be p(-4). Let j(a) = 3*a + 5. Determine j(i).
-7
Let c be (-4 - -2)/1 + -1. Let s(g) = 5*g + 1. Let f(u) = -4*u - 2. Let r(i) = -4*f(i) - 3*s(i). What is r(c)?
2
Let g(t) = 5*t + t - 5*t. Determine g(5).
5
Suppose n - s = -0*n + 18, -5*s = -3*n + 64. Let x = n - 7. Let w(f) = -6*f - 6. Let v(m) = -7*m - 8. Let j(c) = -5*v(c) + 6*w(c). What is j(x)?
-2
Let m(z) be the third derivative of -z**4/24 + 7*z**2. What is m(1)?
-1
Let w(k) = 0*k**2 - 2*k**3 - 5*k**2 + 1 + 8*k - 3*k + k**3. Calculate w(-6).
7
Let d(c) = c**3 - c + 1. Let g(q) be the second derivative of -5*q**4/12 + q**3/6 - 3*q**2 + 4*q. Let k(n) = -d(n) - g(n). What is k(5)?
5
Let r(t) be the third derivative of -t**2 - 1/24*t**4 + 0*t + 1/6*t**3 + 0. Give r(6).
-5
Suppose -x - 4*x - 40 = 0. Let k be (3 - 1) + (x - 0). Let c(p) = 2*p + 8. What is c(k)?
-4
Let q = 0 + 2. Suppose -3*v - v + 12 = -q*u, 0 = u + 2. Let x(r) = 3*r**2 - r. Determine x(v).
10
Let x(h) = -h**2 - 2*h + 4. Let l(t) = t**2 + t - 5. Let u be (-3)/9*0 - -5. Let z = 7 - u. Let a(i) = z*l(i) + 3*x(i). Determine a(-3).
5
Suppose -12 = -4*q + q. Let s(g) = -g**2 + 2*g + 5. What is s(q)?
-3
Let v(r) = -r + 1. Let o(g) = 24*g - 30. Let a(s) = -o(s) - 30*v(s). What is a(-1)?
-6
Let y = -1/12 + 7/12. Let b(l) be the second derivative of 1/2*l**4 + y*l**2 + 1/3*l**3 - 2*l + 0. Give b(-1).
5
Let z(j) = -j**3 + j**2 + 2*j - 3. Let q(t) be the first derivative of t**3/3 + 4*t**2 + 9*t - 4. Let p be q(-7). What is z(p)?
-3
Let i(q) = 7*q + 1. Let d(t) = 4*t**2 - t. Let n be d(-1). Suppose 0 = 3*a + n*w + 17, 0 = -3*a - 0*a - 4*w - 13. Give i(a).
8
Let j(y) be the first derivative of -y**6/120 - y**5/15 + y**4/4 - y**3/3 + y**2/2 - 2. Let z(s) be the second derivative of j(s). Calculate z(-5).
-7
Let n(w) = -w - 6. Let u(y) = y**2 + 2*y - 2. Let a be u(-4). Let g(t) = -t**2 + 5*t. Let l be g(a). What is n(l)?
0
Let n(c) = -1 + 13*c**3 - 18*c**3 + 2*c**2 - c**2. Give n(1).
-5
Let h(k) be the first derivative of -k**4/4 - 4*k**3/3 + 5*k**2/2 + k - 3. Calculate h(-5).
1
Let f = 8 - 11. Let o(t) = -t**3 - 4*t**2 - t + 2. Give o(f).
-4
Let s be (0 - (-1 + 1))/2. Suppose 4*k - k = -z + 5, -3*z + 15 = s. Let x(o) = -o + 9. Let t(u) = 3*u - 26. Let n(r) = -6*t(r) - 17*x(r). Give n(k).
3
Let l(p) = -15*p + 6. Let v(j) = 13*j - 7. Let m(x) = -6*l(x) - 7*v(x). Calculate m(6).
7
Let r(j) = -j**2 - 9*j - 15. Suppose -5*w = 2*y - 22, -3*y - 10 = -5*y + w. Let m(d) = 1. Let s(x) = y*m(x) + r(x). What is s(-6)?
9
Let m = -30 - -18. Let y = -7 - m. Let o(r) = r + 4. What is o(y)?
9
Let m(g) be the third derivative of -g**5/60 + 5*g**4/24 - 2*g**3/3 - 36*g**2. Calculate m(4).
0
Let l(w) = -2*w - 4. Let o be l(-3). Let h(t) = 5*t - 6*t**2 - 5 + 3*t**3 - 4*t**3 + 2*t**o. What is h(-5)?
-5
Let l = -10 + 3. Let p(g) = -g**2 - 7*g + 2. What is p(l)?
2
Let w = -3 - 1. Let v(i) = -i**2 + 2*i - 2. Let u(z) = -3*z**2 + 4*z - 3. Let y(f) = -2*u(f) + 5*v(f). Give y(w).
4
Let j = -1 - -12. Let d = j + -16. Let s(c) be the second derivative of c**3/6 + 3*c**2/2 - 4*c. Give s(d).
-2
Suppose s = 2*g - 5, -2*s + 0 = -g + 4. Let m(a) = a**3 - 4*a + 3 - 7 + 2*a - 3*a**g. What is m(3)?
-10
Suppose 0*q - 10 = -5*y + q, -4*y - 3*q = -27. Let n(l) = -29 + 29 + y*l. Give n(-2).
-6
Let k(l) = -l**3 - 2*l**2 + 8*l + 5. Let j be k(-4). Let p(m) be the first derivative of -m**3/3 + 3*m**2/2 + 7*m + 1. What is p(j)?
-3
Let w(c) = 13*c**2 + 29*c + 1. Let u(z) = -7*z**2 - 15*z. Let f(r) = 11*u(r) + 6*w(r). Calculate f(-7).
-8
Let y = 144 + -135. Let l(s) = s**3 - 9*s**2 - 7. Determine l(y).
-7
Let b = -8 - -8. Let m(j) be the third derivative of 0*j + b - 1/24*j**4 - 1/3*j**3 + j**2. Calculate m(-3).
1
Let h = 8 - 7. Let s(c) = 1. Let n(k) = -k + 8. Let q(z) = h*n(z) - 5*s(z). What is q(-3)?
6
Let j(i) = -i**3 + 5*i**2 + i. Let k(f) = -4*f + 1. Let d be k(-2). Suppose -2*p - p = d. Let n = 8 + p. Calculate j(n).
5
Let q(a) = -2*a + 4*a - a + 5. Let g(r) = -r**2 - 4*r + 6. Let k be g(-6). Give q(k).
-1
Let j(h) = 2*h**3 - h**2 + 2*h - 1. Suppose 14*g - 5*g - 9 = 0. What is j(g)?
2
Suppose -5*m = 3*v - 20, v - 4 = -m + 6*v. Let n(s) = -s + 5. What is n(m)?
1
Let m(l) = l**2 + 4. Suppose -a = -3*a. Give m(a).
4
Suppose 0 = u - 0*u - 1. Let z(d) = -d - 1 - 2 + u. Suppose -7*p + 5*p = -8. Calculate z(p).
-6
Let s be 7/14*(1 + -3). Let u(b) = -6*b**3 - b - 1. Determine u(s).
6
Let k(i) = 3*i**2 - 3*i. Let z be 10/2 + 2/(-2). Suppose 0 = -3*